 18, 6 = 5*d - 3*r. Suppose d*n - 2*n = -c + 375, 4*c + 5*n = 1496. Is c prime?
True
Let o(v) = -3297*v + 224. Let p be o(10). Is p/(0 - (-1 - -3)) composite?
True
Let b(x) = 606*x**2 + 27*x - 19. Is b(26) composite?
False
Is (7 - 636/84) + 75692141/49 composite?
True
Let u(j) = -j**3 - 4*j**2 - 23*j + 9. Suppose -5*n = -2*k - 35, 0*k = 3*k - 5*n + 45. Is u(k) prime?
True
Let n(c) = 221*c - 7. Let j(q) = 443*q - 12. Let w(z) = -4*j(z) + 7*n(z). Is w(-18) a prime number?
True
Suppose 3274*j + 2741321 = 3285*j. Is j a composite number?
False
Let m(a) = a**2 - 19*a + 3. Let t be m(19). Let h(j) = 583*j - 16. Is h(t) a prime number?
True
Suppose 134 = -v + 599. Suppose -4*k = -5*n - 826, -3*k - 2*n = -853 + 222. Suppose 5*o + 3*c - 1643 = 0, -2*o + 3*c + k + v = 0. Is o a prime number?
True
Suppose -108212 = -12*z - 14*z. Let u = z - 1841. Is u a prime number?
False
Is ((-36779574)/(-234))/(((-4)/(-3))/4) composite?
False
Let y(r) = 904*r**2 - 78*r - 3129. Is y(-52) prime?
True
Let j(m) = -272*m**2 - 9*m - 7. Let o be j(-1). Let f = o + 496. Is f a composite number?
True
Is 6 + 1 + (221 - -12965) a prime number?
False
Let x(h) be the second derivative of -14*h**3/3 + 3*h**2/2 + 5*h. Suppose 0 = -8*u + 79 - 167. Is x(u) prime?
True
Let k = 67 + -57. Let l = k + -8. Suppose -2058 = 3*o + l*s - 6245, -4*o + s = -5601. Is o composite?
False
Let m be (-80)/24*(-3)/2 + 230651. Suppose -7*u + 125581 = -m. Is u a composite number?
False
Suppose -84 = m - 8*m. Suppose -z - 7 = -m. Suppose 4*h = -5*o + 1867 + 5260, 8911 = z*h + 4*o. Is h composite?
False
Suppose 3*l + 2452 = 7*l + 2*v, -v + 615 = l. Suppose 2*n - 6*x = -x - 929, -3*x = 2*n + 921. Let w = l - n. Is w composite?
True
Suppose 428*o - 29380461 = 302*o + 22898325. Is o prime?
False
Let z be (-1 - 25/(-15))*30. Suppose 0 = z*x - 25277 - 63063. Is x a composite number?
True
Let z(u) be the second derivative of 0 - 35/2*u**2 - 39*u + 46/3*u**4 + 4/3*u**3. Is z(6) a composite number?
False
Let p be -4792*5/20*-2. Suppose 0 = 5*t - 1299 - p. Is t a prime number?
True
Suppose 0 = -6*q + 475 - 97. Let x be 14/q - (-74)/(-9). Is (x/(-20))/(4/670) prime?
True
Suppose -20*x = -8981 - 3019. Suppose -2*y - 188 = -x. Is y a prime number?
False
Suppose -3*p - 13 = -0*f - 2*f, p = -5*f + 7. Let g be (-38)/(-133)*(4 - -10). Is (298 - 4) + g + p composite?
True
Let h = 41 - 12. Let o = -17 + h. Is (0 - 5444/o)*-3 composite?
False
Is 57346256/608 + 1/(-2) composite?
True
Let w = 0 - -2. Suppose -32839 = -4*v - 2*z + 26267, -w*z - 10 = 0. Is v composite?
False
Let j be (-3 - (-30)/6)*9/(-2). Let d = j + 18. Suppose -d*c + 4535 = -4*c. Is c a prime number?
True
Let b(z) = z**3 - 12*z**2 - 24*z + 23. Let u be b(10). Let g = u - -988. Is g composite?
False
Let o be 4/(-3) - 3/(-9) - -5. Suppose v + 11383 = 4*v - 2*u, o*v - 15178 = 3*u. Is v composite?
False
Suppose -2*s = -5*g + 4, 2*s - s + 3*g + 2 = 0. Let d(l) = 1288*l + 2. Let m be d(s). Let x = -1633 - m. Is x a composite number?
False
Let x = -286 + 291. Is (-3)/x + 289744/140 prime?
True
Let p = 30 + -46. Let n be ((-6)/12)/(((-2)/p)/(-1)). Is 577*n*2/8 prime?
True
Let r = -21 + 23. Suppose 0*n - 3*h - 1800 = -3*n, 0 = -r*h. Suppose -5*b = -2*q + q - n, 0 = 5*b + 3*q - 580. Is b prime?
False
Let m = -113 - -117. Is m/(-6) - 3/(18/(-16342)) a prime number?
False
Let a(l) = 17*l + 6297. Is a(-94) prime?
False
Let r = -3669 - -5680. Let c = 4002 - r. Is c a prime number?
False
Is (-139 + 0)/((-112)/306992) a composite number?
True
Let i = 23 + -68. Let m = 50 + i. Suppose -m*v = -665 - 450. Is v prime?
True
Let y(u) = -160*u - 41. Suppose 2*p - 6*p - 76 = 0. Is y(p) a prime number?
True
Let j(t) = 61*t**2 + 329*t - 123. Is j(-34) prime?
True
Suppose -15*i + 67164 = -70521. Is i a prime number?
False
Let b(o) = -o**3 - 2*o**2 + 4*o - 2. Let n be b(-4). Let j be 11/33 + n/3. Suppose j*t = 664 + 291. Is t a prime number?
True
Suppose -3790674 = -23*d + 4817927. Is d prime?
True
Let a(f) = 39550*f**2 + 28*f - 51. Is a(3) a prime number?
False
Suppose -27738 = -6*w - 3*w. Suppose -r - w = -2*q - 5*r, 4*r = -4*q + 6164. Is q prime?
False
Suppose 4*i + 5 = -i, -9911 = -3*g - 4*i. Let j = g + -2257. Let b = 1467 - j. Is b a prime number?
True
Let t = 2623 - -4870. Is t prime?
False
Suppose -4*y = -2*b - 28, -5*y - b + 0*b + 21 = 0. Let o(t) = 231*t + 44. Is o(y) a composite number?
True
Let k(u) = -2*u**3 + 9*u**2 - 4*u + 2. Let j be k(4). Suppose 0 = -3*q + q + j*t + 1362, 16 = -4*t. Is q composite?
False
Let x(b) = 4*b**2 + 41*b + 14. Let g be x(-10). Suppose 4*j - j - 185 = -v, 0 = g*v + j - 762. Is v composite?
False
Suppose w = -9*w - 140. Let v be 33*3*(-17 - w). Is (-1 + -1)*(-2 - v/(-6)) a composite number?
False
Let i(v) be the third derivative of v**5/60 - v**4/3 - 5*v**3/3 + 24*v**2 - 2. Is i(23) composite?
True
Let p(f) = f**2 + 10*f + 2. Let c be p(-10). Suppose -772 = -c*s + i - 2*i, -1156 = -3*s - i. Let a = s + -223. Is a composite?
True
Suppose 30*d - 39 = 21. Let w = 1 - 10. Is ((-498)/w)/((-1)/(-21)*d) a prime number?
False
Let d = -102 - -106. Suppose 3*s - 7513 = -u, 0 = 2*s - 5*u + d*u - 5002. Is s a prime number?
True
Let n(o) = 18*o + 13. Let z(l) = 11*l + 133. Let c be z(-12). Is n(c) a prime number?
True
Let i = 417518 - 145795. Is i composite?
False
Let m(o) = -o + 19. Let z(f) = 15*f - 2. Let x be z(1). Let g be m(x). Suppose l - g*l = -1055. Is l a composite number?
False
Suppose -216*u = -211*u + 20. Is (u/6)/((-4)/2946) prime?
True
Is (-432451)/(-21) + (-14)/(-147) prime?
True
Let c = 33521 + -22909. Suppose 5*t = -4*y + 82487, c - 27104 = -t + y. Is t a prime number?
False
Suppose -52*x + 41*x + 46167 = 0. Let z = 23318 - x. Is z a prime number?
True
Is 6/(-27) + (-6)/216*537352/(-2) prime?
False
Let b = -26 - -14. Let s(o) = -o**2 - 11*o + 16. Let v be s(b). Suppose -v*n = -646 - 18. Is n prime?
False
Let i = -655 + 652. Let d(s) = 42*s**2 - 10*s + 1. Is d(i) a prime number?
True
Let y be -1 - (2/2 + 7). Let q(o) = 514*o**3 + 510*o**3 + 10 + 10*o**2 - 1023*o**3. Is q(y) composite?
True
Suppose 246942 = 617*j - 623*j. Let h = -22984 - j. Is h prime?
False
Suppose 7*o - 11*o = 0. Suppose o*s - 3*u = -2*s + 1248, 4*u = 0. Suppose -2*g + 4*j + s + 1090 = 0, 6 = -3*j. Is g prime?
True
Suppose -3*k + 4*b + 68 = 0, 5*b + 85 + 6 = 4*k. Let x = k + -26. Is (x/(-6))/(11/8151) composite?
True
Is 30/(-20)*128/(-24) + 121875 a composite number?
False
Let x be (-49 - 19)*(-2)/8. Suppose 9*r + 14792 = x*r. Is r prime?
False
Let r = 138 - 88. Let t = -48 + r. Is (-8 - -7)/(2/(-2764)*t) composite?
False
Let o(s) be the second derivative of 31*s**4/6 + 13*s**3/6 - 35*s**2/2 + 23*s - 3. Is o(4) a prime number?
True
Let l(a) = a**2 + 3*a - 8. Let s be l(4). Let o = 23 - s. Suppose m - 3179 = -2*m + 2*h, -2*m - o*h + 2128 = 0. Is m composite?
False
Suppose 3*j - 1283275 - 1197181 = 1450111. Is j prime?
True
Let y = 930 + -878. Is (-3 - (-169)/y) + 36278/8 composite?
True
Let f be (-10)/(630/(-85023)) + 8/(-14). Let i = f - 714. Is i a prime number?
False
Let v = -629 - -345. Let m = v - -655. Is m a composite number?
True
Suppose -16*x + 277342 = -78018. Let l = -12555 + x. Is l composite?
True
Let t(r) = -2*r - 1403. Let p(i) = i + 935. Let s(v) = 8*p(v) + 5*t(v). Let k be s(0). Suppose 2*d + 3*d - k = 0. Is d composite?
True
Suppose -4*a + 1306226 = 2*x, 653125 = 4568*x - 4567*x - 2*a. Is x a prime number?
False
Suppose -38 = -8*o - 14. Suppose 0 = o*r - 229 - 1832. Is r a prime number?
False
Let x(a) = -3 + 16 + 3*a**2 - 25 - a**2 - a. Let v be x(-3). Is (-6)/v*(-20604)/8 a composite number?
True
Let j(a) = a**2 - 28*a + 4. Let f(i) = -i**2 + 56*i - 7. Let k(s) = 4*f(s) + 7*j(s). Let d be k(-22). Let v = d - 387. Is v a prime number?
True
Suppose 4*s - 26*s = -6*s - 36400. Suppose 2*u - 6373 = 3*b, -5 = -4*b + 7. Suppose 6*r = u + s. Is r a prime number?
True
Suppose 4*c - 7*c + 13640 = o, 2*o = -8. Suppose 2275 = a - v, 3*v + 0*v = 2*a - c. Suppose 10993 = 4*w + a. Is w a composite number?
False
Suppose 173356 + 415252 = 8*b. Suppose 0 = 6*t - 14*t + b. Is t a prime number?
False
Suppose -775 + 751 = -3*y. Suppose 0 = -y*x + 5588 + 20532. Is x prime?
False
Let k = 9541 - 6293. Suppose -7*h - h = -k. Suppose -5*b + 5*v = -1255, 3*b + 2*v = h + 347. Is